0.
19
Let j(k) = k**3 - 11*k**2 - 10*k - 11. Let p(o) = -o + 2. Let f be p(0). Let x = 38 - f. What is the remainder when x is divided by j(12)?
10
Let u(w) = -w + 13. Suppose 2*d + 21 = -d. Calculate the remainder when 78 is divided by u(d).
18
Let b(d) = -d**2 + 26*d + 89. Let q be b(-3). Let o be ((-9)/4)/(3/(-40)). What is the remainder when 19 is divided by (-15)/o + 23/q?
8
Let b = -555 - -750. Calculate the remainder when b is divided by 28.
27
Suppose 97 = o - 3*d, d - 187 = 59*o - 61*o. What is the remainder when 106 is divided by o?
12
Suppose -l - 100 = -5*l. What is the remainder when l is divided by 13 - (10 - (15 - 4))?
11
Suppose g = -2*g + 27. Suppose 0 = m + g - 20. Let a = 0 + 3. What is the remainder when m is divided by a?
2
Let d = -110 - -113. Suppose 0*p - 42 = -2*p + 3*f, d*p - 44 = -5*f. Let i = 25 + 27. What is the remainder when i is divided by p?
16
Suppose 7*o - 60 = 2*o. Let h be 4/(-30) - (-832)/(-60). Let x = 7 - h. What is the remainder when x is divided by o?
9
Let v(w) = 12*w - 5. Calculate the remainder when v(3) is divided by 16.
15
Calculate the remainder when ((-8)/24)/(4/(-12936)) is divided by 72.
70
Suppose -l = -4*z - 3 - 3, 2*l = -4*z + 72. Let c(p) = -p**2 + 12*p - 27. What is the remainder when l is divided by c(7)?
2
Let z = 5 - 3. Suppose z*i - 4 = -f - 3, 0 = -3*i - 6. Suppose f = 3*v - 16. What is the remainder when 13 is divided by v?
6
Let w be (-440)/20*10/(-4). Suppose 5*x + 23 - 174 = -3*y, y - w = 3*x. What is the remainder when y is divided by 14?
10
Let l = -103 + 186. What is the remainder when l is divided by 43?
40
Suppose -2*w + 2 = 2*h + 2*w, 0 = 3*h - 4*w - 23. Suppose -15*s + 20 = 5. Calculate the remainder when h is divided by s.
0
Suppose -5*i + 127 = -123. Suppose -4*g = -25 - 23. Suppose -g*j = -9*j - 39. What is the remainder when i is divided by j?
11
Let p(m) be the third derivative of 1/60*m**5 + 0 + 1/24*m**4 + 1/2*m**3 + 0*m + 2*m**2. What is the remainder when p(-7) is divided by 23?
22
Let r(p) = -12*p + 10. Let h = 14 - 5. Let g be (3 + 0 - h) + 1. What is the remainder when r(g) is divided by 18?
16
Let f(o) = -6*o + 1. Suppose -m + 6 = 2*m. Suppose 4*u + 27 + 17 = 4*r, -m*u + 18 = 2*r. What is the remainder when f(-3) is divided by r?
9
Let w = -133 + 153. Suppose -m = 3*h - 186, -2*m = -3*h + 34 - 397. Let u = -126 + m. Calculate the remainder when u is divided by w.
17
Suppose -12 = -15*d + 12*d. Suppose d*i - 117 = i. Calculate the remainder when i is divided by 20.
19
Calculate the remainder when 86 is divided by (5 - (-7 + 18))*-14.
2
Let c = 1 - -9. Calculate the remainder when (-4)/(-22) - 2835/(-77) is divided by c.
7
Suppose 4*x + o = 47, -4*x - 17 = -2*o - 55. What is the remainder when 34 is divided by x?
1
Suppose -b + 148 = 3*b. Suppose 0 = -d - t + 1 + 12, -2*d + 4*t + 8 = 0. Calculate the remainder when b is divided by d.
7
Suppose -10*z + 1182 = -178. Suppose 79 = 5*c - 151. What is the remainder when z is divided by c?
44
Let k = -89 - -140. Suppose 0 = 3*b - 4*b. Suppose -o = -c - 8 - 16, 2*o - 3*c - 46 = b. What is the remainder when k is divided by o?
25
Suppose -5*i = -3*i - 4. Let c = 47 - 44. Suppose 5*m = p - 4*p + 7, -c*m = -i*p + 11. Calculate the remainder when 13 is divided by p.
1
Suppose 4956 = 47*m - 43*m. What is the remainder when m is divided by 18?
15
Suppose -j - 2*j = 0. Suppose p + p - 30 = j. Suppose -2*m + 5*y = -63, 3*m - y - 128 = -40. What is the remainder when m is divided by p?
14
Suppose 0 = v + v - 108. Let t = 89 - v. Suppose -6*y + 63 = y. What is the remainder when t is divided by y?
8
Let m(u) = -u**3 + 17*u**2 - 15*u + 2. Calculate the remainder when 50 is divided by m(16).
14
Let g(s) = 2*s**2 - 65*s + 45. What is the remainder when g(34) is divided by 25?
22
What is the remainder when 87 is divided by (0 + (-33)/12)/((-1)/8)?
21
Suppose 0 = 6*x - 4*x. Suppose x = -6*q + q + l + 211, 2*l + 121 = 3*q. Let v = q + 1. What is the remainder when v is divided by 15?
14
Suppose 1 - 66 = b. Calculate the remainder when 31 is divided by 7/42 - b/6.
9
Let r = 104 - 17. Let j(h) = h**2 - 9*h - 14. What is the remainder when (r/(-6))/((2 + -4)/4) is divided by j(11)?
5
Let l(y) be the third derivative of y**6/120 - 2*y**5/15 + 3*y**4/8 - 4*y**3/3 - 19*y**2. What is the remainder when 35 is divided by l(7)?
5
Let i(r) be the second derivative of -r**4/12 + 2*r**3/3 - r**2 - 4*r. Let w be i(4). What is the remainder when 58 is divided by (-24)/28*(-16 - w)?
10
Let p = 376 + -145. Suppose -5*i + 671 = p. Calculate the remainder when i is divided by 30.
28
Suppose -3*p + 254 = -0*q + q, -q + 259 = 4*p. Calculate the remainder when q is divided by 10.
9
Let n be 1/2 - (-6)/(-12). Suppose -s - a + 43 = n, -3*a = -3*s + 54 + 57. What is the remainder when s is divided by (2/(-4))/(2/(-56))?
12
Suppose -48 = 4*d - 340. What is the remainder when d is divided by 1183/65 - 4/(-5)?
16
Suppose -2*i = -224 - 294. Let v = -183 + i. What is the remainder when v is divided by 13?
11
Let j = -443 - -901. What is the remainder when j is divided by 27?
26
What is the remainder when 149 is divided by (45/4)/(-6*(-4)/288)?
14
Let k = 85 + -73. Calculate the remainder when 226 is divided by k.
10
Suppose d - 23 = -5*v + 32, -5*v = 2*d - 130. Let k = d + -62. Calculate the remainder when 102 is divided by k.
11
Let h(f) = -3*f**2 - 2*f. Let i be h(-2). Suppose -2*p + 27 + 42 = -5*l, -5*p = -4*l - 130. What is the remainder when 6/i + 686/8 is divided by p?
19
Let n(g) = 37*g - 2. Suppose 6*y + 3*f - 14 = y, -5*f - 2 = 2*y. Calculate the remainder when n(y) is divided by 37.
35
Let w(o) = -10*o - 23. Let b(j) = 7*j + 15. Let y(s) = 7*b(s) + 5*w(s). What is the remainder when 29 is divided by y(-20)?
9
Suppose -4*b + t + 97 = 0, 3*b - b = 4*t + 52. Let d be 5550/(-33) + (-2)/(-11). Let p = -98 - d. Calculate the remainder when p is divided by b.
22
Let b(c) = c**3 - 12*c**2 + 10*c - 5. Let o be b(11). Let s = -11 - o. What is the remainder when 13 is divided by s?
3
Let a(j) be the third derivative of j**5/3 + j**4/12 - j**3/6 + 2*j**2. Let g(z) = z**3 - 3*z + 11. What is the remainder when a(1) is divided by g(0)?
10
Let g = -9 + 13. Let u = g + 3. Let i(x) = -x**3 - 37*x**2 - 38*x - 70. Calculate the remainder when u is divided by i(-36).
1
Let i(o) = 9*o**2 - o - 9. Let q(z) = 5*z**2 - 5. Let p(k) = 3*i(k) - 5*q(k). Let x be p(-3). Let j = x + -15. What is the remainder when j is divided by 6?
4
Let m = 73 + -118. Let w = -12 - m. What is the remainder when w is divided by 17?
16
Let i(t) = 15*t + 276. What is the remainder when 50 is divided by i(-16)?
14
Suppose 8*g = -4*d + 3*g + 676, d + 5*g - 169 = 0. What is the remainder when d is divided by 5?
4
Suppose 0 = 29*z - 76 - 185. Calculate the remainder when 67 is divided by z.
4
Suppose 6*u = 5*u + 2. Suppose 3*c - j - 19 = -2*j, 0 = -c + u*j - 3. What is the remainder when 6 is divided by c?
1
Suppose -34 = -b - 23. Suppose -84 = 8*t - b*t. What is the remainder when t is divided by 6?
4
Suppose -3*b + 2*b = -2. Let w be (8 + -6)*3/b. Suppose 0 = -2*o + w*o - 11. What is the remainder when 30 is divided by o?
8
Suppose -16*j + 236 + 276 = 0. What is the remainder when 280 is divided by j?
24
Suppose -9*a + 4*a + 135 = 0. Suppose 0 = 5*w - 23 - a. What is the remainder when (11 - w)/((-2)/(-6)) is divided by 3?
0
Let o = 8 - 2. Calculate the remainder when 59 is divided by o/42 + 208/14.
14
Let t be (-2*4)/((-3)/24). Suppose 0*c + 4*c - t = 0. Calculate the remainder when c is divided by (1/(-2))/((-5)/60).
4
Suppose -7*f = -11*f - 156. Let q = f + 42. Calculate the remainder when 1/(-2)*-1*14 is divided by q.
1
Let k(c) = 6*c**3 - c**2. Let l be k(1). Suppose 3*u = m - u - 33, 53 = 2*m + l*u. Suppose 0 = a - 15 - 1. Calculate the remainder when m is divided by a.
13
Let v(p) = -6*p - 27. Let s be v(-12). Calculate the remainder when -1*6*(-21)/9 is divided by (-1)/(-2) - s/(-6).
6
Suppose -3*d + 324 = -5*v, 3*v - 121 = -4*d + 282. What is the remainder when d is divided by 42?
19
Suppose 19*f - 333 - 237 = 0. What is the remainder when 1977 is divided by f?
27
Suppose 23 + 19 = -x. Let h = -22 - x. Calculate the remainder when h is divided by 8.
4
Let p = 110 + -66. What is the remainde